. What is the greatest common divisor of o and y?
31
Suppose -3*q = w - 405, 3*w - 239 - 166 = -3*q. Calculate the highest common divisor of 15 and q.
15
Let s be 30/50 - (-94)/10. Suppose 0 = -4*b - 28 + 388. What is the greatest common factor of s and b?
10
Suppose -2*z + 57 = 13. Let i be 2*z - 3/(-3). Suppose -2*q = -6*q + 60. What is the highest common divisor of q and i?
15
Suppose -d + 19 = -r + 3*r, 5*r - 9 = d. Suppose 0 = -4*p + 12, -v + d = p - 1. What is the greatest common divisor of 15 and v?
3
Suppose 113*m = 103*m + 170. What is the greatest common divisor of 731 and m?
17
Let t(d) = -d**2 - 42*d + 185. Let j be t(-45). Calculate the highest common divisor of 25 and j.
25
Let h be 532/(-6)*(-24276)/833. Calculate the greatest common divisor of h and 152.
152
Let r be (12/(-10))/(1/(-5)). Suppose -j + r*j = 40. Suppose -5 = -y + j. What is the greatest common factor of 13 and y?
13
Suppose -410*d - 417*d = -832*d + 90. Suppose -4*y = -68 - 16. Suppose 0 = l - 2*f - 20 - y, -3*l = f - 137. Calculate the highest common factor of l and d.
9
Suppose -4 = b + 3*b. Let n = 3 + b. Let s(f) = 11*f**2 - 1. Let z be s(1). What is the greatest common factor of z and n?
2
Let i(q) = -11*q + 4 - 5 + 12. Let d be i(-2). Calculate the greatest common factor of d and 3.
3
Suppose -3*l - 179 = -5*z, 3*z - 2*l = -0*l + 108. Let v = -5 + 8. Suppose v*n = -2*a - 0*n + z, 5*a + 5*n = 75. What is the highest common divisor of a and 77?
11
Let a(b) = b**3 + 13*b**2 + 16*b + 211. Let g be a(-10). What is the highest common divisor of g and 91?
13
Let s(m) = -m**3 + 4*m**2 + 5*m + 6. Let i be s(5). Let c be 4 - 1/((-1)/(-2)). Let u be c/(-4)*(0 - 48). What is the greatest common factor of u and i?
6
Let j(l) = 1 + 0 + 177*l - 2. Let b be j(1). Let r be 352/(-24)*(-15)/10. Calculate the greatest common divisor of b and r.
22
Let g = 20 + -18. Suppose -v = -g*v + 3. Let f be -2 - (v + -4 + -6). What is the highest common divisor of f and 45?
5
Suppose 0 = 2*v - 4 - 6. Suppose -v*r + 9 = -36. What is the highest common factor of r and 45?
9
Let n be ((-3290)/(-6))/(5*1/15). What is the greatest common factor of 35 and n?
35
Suppose -5*s - 13 + 18 = 0. Let v = -32 + 33. Calculate the highest common divisor of v and s.
1
Let z be (4/(-12))/(1/(-6)). Let x(c) = -c**3 + 6*c**2 + 10*c + 1. Let k be x(7). Suppose 5*a = 4*a + k. What is the greatest common divisor of z and a?
2
Let g be ((1 - -1) + -7)/((-5)/2). Suppose -100 = -4*z + 4*s, -40 = z - g*z - 2*s. What is the greatest common divisor of 45 and z?
15
Suppose 4*s + 20 = 0, 25*s = 3*r + 28*s - 51. Calculate the highest common divisor of 110 and r.
22
Suppose 2*u - 636 = 372. Suppose -y + 3*y + u = 4*l, -5*l = -4*y - 1002. Let z = y + 402. Calculate the greatest common divisor of z and 22.
22
Suppose n - 3 = 0, n = 4*m - 1049 + 216. Suppose -32*z + 849 = 241. Calculate the greatest common divisor of m and z.
19
Let h(t) = -4*t - 14. Let c be h(-4). Suppose 3*b = 5*m - 260, -156 = -5*m + c*m - 2*b. Calculate the greatest common factor of m and 468.
52
Let s(p) = p**2. Let q = 1 - 4. Let c be s(q). Suppose -4*d + 0*r = 3*r - 21, -5*r = -4*d - 3. Calculate the greatest common divisor of c and d.
3
Suppose 17*k - 182 - 73 = 0. What is the greatest common divisor of 1065 and k?
15
Let m(r) = 5*r**3 + r**2 + 6*r - 8. Let a be m(5). Suppose -23*q = -30*q + a. What is the greatest common divisor of 6 and q?
6
Let g be (-8)/((-56)/21) + 186. Calculate the greatest common divisor of g and 27.
27
Let t(r) = r**2 + 11*r + 19. Let h be t(-8). Let s(d) = 4*d**2 - d - 1. Let x be s(h). What is the greatest common factor of 13 and x?
13
Let t be -4 + -8 + (35 - -11). What is the highest common divisor of t and 2176?
34
Suppose y = 4*y - 408. What is the greatest common factor of y and 8?
8
Let x = 100 + 25. Suppose 2*o - x = -3*o. What is the highest common factor of o and 100?
25
Suppose -3*r + 144 = 4*j, -4*r + 206 - 14 = 3*j. What is the greatest common divisor of r and 3?
3
Let b(o) = -o**3 - 8*o**2 - 38*o - 359. Let w be b(-9). Suppose 3*r - n - 36 = -5*n, 0 = -5*r + 4*n + 92. What is the greatest common divisor of r and w?
16
Suppose 0*o = -2*o + 8. Suppose 43 = 9*u + 7. Calculate the highest common factor of u and o.
4
Suppose 650 = o - 5*z, 4*o = 3*z - 473 + 3107. What is the greatest common divisor of 6 and o?
6
Let s(j) = 12*j - 9. Let v(k) = k**2 + 48*k - 37. Let i(p) = -9*s(p) + 2*v(p). Let n be i(8). Calculate the greatest common factor of n and 13.
13
Let h be 67 + (-6 - 9)/3. What is the greatest common divisor of h and 899?
31
Let k(x) = -x**2 + 3*x - 3. Let w be k(4). Let y = -3 - w. Let h = 54 + -26. Calculate the greatest common factor of h and y.
4
Suppose -2*s + 51 + 113 = 0. Calculate the highest common factor of 328 and s.
82
Suppose 4*h = -h + 20. Let t be 47 - (-3 + h + -2). Calculate the highest common divisor of t and 8.
8
Suppose 4*f - 80 = -f. Calculate the highest common factor of 848 and f.
16
Suppose 4*s - 5*c + 2*c = 73, -2*s + 5*c = -19. Let g be ((-1474)/134)/(2/(-10) + 0). Calculate the greatest common divisor of g and s.
11
Suppose d = 6*d. Let p be (1 - 0/(-4))*(9 + d). Let f(z) = z + 9. Let a be f(-6). What is the greatest common divisor of p and a?
3
Let z be 4/(-14) - 2*(-8133)/42. What is the greatest common divisor of 9 and z?
9
Let k = 53 - 29. What is the highest common factor of 156 and k?
12
Let i = -1 + 10. Let h(g) = g**2 - 4*g - 6. Let b be h(6). What is the highest common factor of b and i?
3
Let c(a) = -a**3 + 3*a**2 - a + 7. Let i be c(3). Suppose 0*g - i*v - 40 = -g, 5*v = -5*g + 175. Calculate the greatest common factor of 18 and g.
18
Suppose 87 = 4*l + 15. Let g = -10647 + 10845. What is the greatest common divisor of l and g?
18
Suppose -2*z + 3*q + 201 - 72 = 0, -3*q + 135 = 2*z. Calculate the highest common divisor of z and 858.
66
Let s be (23/2)/(3*2/12). Calculate the highest common divisor of 92 and s.
23
Suppose 10 = 5*f + 2*n - 66, 0 = -f - 4*n + 8. What is the highest common factor of 40 and f?
8
Let n(h) = -2*h**3 + 2*h**2 - h + 2. Let w be n(-3). Let k = w + -35. Calculate the highest common divisor of 63 and k.
21
Suppose -1 + 5 = 2*t - 5*a, -t + 4*a = 4. Suppose -5*b - t = -4*l - 5, -b + 4*l = 11. Calculate the greatest common divisor of b and 4.
1
Suppose -2*l + 7 = 2*r - 21, -2*l + 37 = 3*r. Let o = 681 - 672. What is the highest common factor of o and r?
9
Let h = 855 + -594. Calculate the greatest common factor of h and 58.
29
Suppose t - 62 - 640 = 5*m, -5*m = 2*t - 1389. What is the highest common divisor of t and 205?
41
Let t be 34/10 + 2/(-5). Let c(n) = 2 + 144*n - 5 - 133*n. Let f be c(t). Calculate the highest common divisor of 12 and f.
6
Suppose -10*y + 49 = 29. Calculate the greatest common divisor of y and 9.
1
Suppose -3*j - 5*h - 2152 + 6035 = 0, -5 = 5*h. Calculate the highest common factor of 81 and j.
81
Let c(l) = 2*l**2 - l. Suppose 39 = 4*r + 3*x, -3*r + 26 = -2*r + 4*x. Let h be c(r). What is the greatest common divisor of 99 and h?
33
Let g be (27 + -117)*3/(-6). Calculate the highest common factor of 342 and g.
9
Let g be (-748)/(-51) + 2/6. Let i = -13 + 19. Calculate the greatest common factor of i and g.
3
Let x(s) = 90*s. Let o be x(2). Let u be (-2 + 0 + 1)/((-21)/399). Let y be u + -1 - -1*4/2. What is the greatest common factor of y and o?
20
Suppose -3*s = -u - 2310, -s + 0*s = 2*u - 763. Suppose -5*d - 139 = -s. What is the greatest common divisor of d and 14?
14
Suppose 2 = 3*p + 4*x, 7 = -p + 4*p - x. What is the highest common divisor of 58 and p?
2
Let x(b) = -5*b**2 - 23*b - 9. Let f be x(-6). Let q = 3 - f. Calculate the highest common factor of q and 72.
18
Let p(m) = -m**2 + m - 2. Let z be p(0). Let q(n) = -5*n. Let v be q(z). What is the highest common factor of 25 and v?
5
Suppose 2*b - 5*c - 39 = b, 0 = -3*b + 5*c + 67. What is the greatest common factor of b and 35?
7
Suppose -78*g + 80*g - 20 = -5*v, -4*g - 4*v + 40 = 0. Calculate the highest common factor of g and 995.
5
Let n = 11 - -11. Let a = -1773 - -1806. Calculate the highest common divisor of a and n.
11
Let w = -1723 + 1898. What is the greatest common divisor of w and 105?
35
Suppose -3*v + 0*t = 4*t - 56, 5*t = 3*v - 38. Suppose 0 = 64*